by b?
10
Calculate the remainder when 5174 is divided by (2 - (3 + -6 - -50))/(29 - 30).
44
Suppose -1177 = -27*u + 659. What is the remainder when u is divided by 37?
31
Suppose 49*o - 111 - 36 = 0. What is the remainder when 183 is divided by o?
0
Suppose -26*r = -41*r + 18*r - 4092. Calculate the remainder when r is divided by 298.
172
Let w = 16393 + -14471. What is the remainder when w is divided by 122?
92
Suppose 3*x - 10858 - 10426 = -5*b, 3*b = 4*x + 12811. Calculate the remainder when b is divided by 4.
1
Suppose -4*d = -2*l - 416, 214*l = 3*d + 216*l - 312. What is the remainder when 216 is divided by d?
8
Let j be (48/(-30))/(723/360 - 2). Let l = 325 + j. Let v = -3 + 20. Calculate the remainder when l is divided by v.
14
Suppose 103*p + 3360 - 9128 = 0. What is the remainder when 70 is divided by p?
14
Let a(w) = -w**2 + w + 45. Let h be 9 + (3/1 - (-18)/(-3)). What is the remainder when 148 is divided by a(h)?
13
Suppose 83*d - 439 = 154 + 320. What is the remainder when 0 - -62*2/2 is divided by d?
7
Let x(u) = -u**3 - 54*u**2 - 16*u - 85. Calculate the remainder when x(-54) is divided by 377.
25
Let h = 7808 - 4942. Calculate the remainder when h is divided by 99.
94
Let s = 19 - 25. Let u be 34/12 - 1/s. Suppose u*l = 27 - 3. What is the remainder when l is divided by 5?
3
Let u = -19459 + 19468. Suppose -3*c + 19 = -3*m - m, -2*m + 13 = 3*c. Suppose c*l - 44 = 4*l. What is the remainder when l is divided by u?
8
Suppose -3*t + 0*t = 54. Let s = t + 24. Suppose 0*n + 2*n + 5*h = 78, 3*h + s = 0. Calculate the remainder when n is divided by 12.
8
Suppose -36 = 7*p + 11*p. Calculate the remainder when (-6 + (9 - 2))*(p + 62) is divided by 22.
16
Let z(b) = -11*b - 4. Let c(d) = -d**3 - 9*d**2 + 12*d + 19. Let n be c(-10). Calculate the remainder when 86 is divided by z(n).
2
Suppose a = 4*w - 8, 2*a = 4*w - a. Calculate the remainder when (1*-9)/(w/(-27)) is divided by 59/(2655/420)*18/8.
18
Suppose -8*l = -9*l + 3. Suppose 25 = l*o - 0*c + 4*c, -4*o = -c - 65. What is the remainder when 29 is divided by o?
14
Suppose -2*y = -7*u + 1023, -u - 3*y - 695 = -851. Calculate the remainder when u is divided by 50/4 + 6/4.
7
Let g(b) = b**2 + 227*b + 912. What is the remainder when 459 is divided by g(-4)?
19
Let y = 48 - 46. Calculate the remainder when (6/y)/(2*3/92) is divided by 11.
2
Let n = 16885 + -16882. Calculate the remainder when 277 is divided by n.
1
Suppose -3949 = -19*l + 30*l. Let k = 428 + l. What is the remainder when 341 is divided by k?
65
Suppose 24*g = 62*g - 342. Suppose a - 4*r - 712 = -3*a, 174 = a + 3*r. Calculate the remainder when a is divided by g.
6
Let g be 311/3*(-4 - -1)*-1. Let w(c) = -27*c**3 + 2*c**2 - 3*c + 1. Let r be w(2). Let d = r + g. What is the remainder when d is divided by 11?
10
Suppose 322 + 76 = 2*i. Let p(j) = j - 10776 + 10966 + 4*j. What is the remainder when i is divided by p(-30)?
39
Calculate the remainder when 86 is divided by (0 - 14)*((-90)/(-12))/(-3).
16
Suppose 2*i - 7*l - 306 = -3*l, 0 = -3*i + 3*l + 441. Calculate the remainder when 156 is divided by i.
15
Let p(m) = 3*m**3 + m - 2. Let f be p(2). Let a be (-2)/((6 + -2)/(-21 - -3)). Let q = f - a. What is the remainder when q is divided by 3?
0
Suppose 25*c - 12 - 11 - 27 = 0. What is the remainder when 153 is divided by c?
1
Suppose -17*j + 170 = 14*j - 202. Calculate the remainder when 1439 is divided by j.
11
Suppose -639 = -0*c - 3*c. Let l = -996 - -1023. Calculate the remainder when c is divided by l.
24
Suppose 32 = 4*l + 3*a, l = 3*l + 2*a - 16. Suppose -4*m = 5*x - 415, -4*m = -l*m + 20. Suppose 80 = 29*r - 24*r. What is the remainder when x is divided by r?
15
Let q(u) = -14*u - 113. Let m = 37 - 9. What is the remainder when q(-26) is divided by m?
27
Calculate the remainder when (-1)/(14/4) - (-3273920)/364 is divided by 35.
34
Let i(k) = k**2 - 9*k + 23. Let q be i(10). Suppose 0 = q*v - 9*v - 1632. What is the remainder when v is divided by 12?
8
Let o(y) = -y**2 - 7*y. Suppose 71 = 18*h + 161. Calculate the remainder when 127 is divided by o(h).
7
Suppose -2*s + 4*o - 1195 = -1183, o = 5*s - 24. What is the remainder when 1703 is divided by s?
5
Let b = -115 + 247. Let x = 390 - 128. Let a = -247 + x. Calculate the remainder when b is divided by a.
12
Suppose 16 = 10*m - 6*m, 3*h - 817 = -4*m. Let f = h - 226. Calculate the remainder when f is divided by 19.
3
Suppose -11*r = -23*r + 5242 + 2414. What is the remainder when r is divided by 16?
14
Let b = 216 + -212. Calculate the remainder when 110 is divided by ((6 - 55) + -3)*(-2)/b.
6
Let w be 178 + (4 - (-4 + 4)). Suppose -4*p + 172 - 592 = -4*t, w = 2*t + 5*p. Suppose 2*b - t = 85. Calculate the remainder when b is divided by 24.
21
Suppose -5*o - 61*n + 65*n + 4171 = 0, 0 = o + 3*n - 838. Calculate the remainder when o is divided by 257.
64
Suppose -39*o + 15003 = 3225. What is the remainder when 859 is divided by o?
255
Let n(h) = 21*h**2 - 9*h + 26*h - 17*h - h**3 + 37. What is the remainder when 101 is divided by n(21)?
27
Let p(l) = -39*l + 31. Let f be p(5). Let h = -117 - f. Calculate the remainder when 134 is divided by h.
40
Suppose -40 = -5*d - 30. Suppose 11*a - d*a - 162 = 0. What is the remainder when 34 is divided by 2/(-12) + (255/a - -4)?
16
Let g(u) be the first derivative of 2*u**2 - 9*u - 97. Calculate the remainder when 60 is divided by g(4).
4
Let j = -29 + 31. Let f(k) = -7*k + 3*k**2 - 3*k**j + k**2. Calculate the remainder when 57 is divided by f(10).
27
Let y = -954 + 1126. What is the remainder when 187 is divided by y?
15
Let r = 5 - 2. Suppose 5*i = 3*q - 139, -5*q + 22 + 199 = -r*i. What is the remainder when q is divided by 8?
3
Suppose 4*a - 50 - 362 = 0. Suppose -5*v - 129 = -144. Suppose 2*l + 4*t = l + 18, -70 = -v*l - 4*t. Calculate the remainder when a is divided by l.
25
Let s(w) = -2*w**2 - 57*w + 353. What is the remainder when s(-31) is divided by 62?
12
Let v = -47 - -50. Suppose -v*r - 2 = 46. What is the remainder when 47 is divided by (r/(-12))/(10/75)?
7
Calculate the remainder when 130 is divided by (11 - (2 + -2))*(126/(-7) - -21).
31
Let j(t) be the third derivative of 1/60*t**5 + 0 + 0*t + 13*t**2 - 7/8*t**4 - 1/2*t**3. Calculate the remainder when 75 is divided by j(22).
18
Suppose -366 = -3*j - 2*i, 202*j - 199*j = -4*i + 372. Calculate the remainder when j is divided by 44.
32
Let q(c) = -3*c**2 + 2*c - 52. Let u be q(-9). Let n = u - -411. What is the remainder when n is divided by 18?
8
Let y(d) = d**2 + 19*d + 79. What is the remainder when y(-20) is divided by -1*(2 + 0) - (-47 + -6)?
48
Let v(k) = 3*k**3 - 3*k**2 - k. Let m = -203 + 206. Calculate the remainder when v(m) is divided by 30.
21
Let p be (1 + 1 - -1) + 4. Let n be ((-57)/(-76))/(2 + p/(-4)). Suppose l - 4*l + 67 = 2*u, 91 = n*u - 5*l. Calculate the remainder when 127 is divided by u.
31
Let d be (74 - -1)/(5 - 4). Suppose -245 = 11*o - 1169. Let c = o - d. What is the remainder when 23 is divided by c?
5
Suppose 357*v - 230*v - 1003 = 521. Suppose -c = -4*m - 233, 0*c + m - 448 = -2*c. What is the remainder when c is divided by v?
9
Suppose -c + 102 = 5*z, 249 = 2*c + 4*z + 75. Calculate the remainder when 86 is divided by c.
9
Let t be 2 + -3 + -1 + 0. Let x = 204 + -127. What is the remainder when x is divided by (24/(-20))/(t/45)?
23
Let u(m) = m**3 + 15*m**2 + 25*m - 1. Let j be u(-13). Suppose j*l + 154 = 11*l. Let a = -71 - l. What is the remainder when a is divided by 17?
15
Let l(n) = 7*n - 67. Let o be l(10). Suppose o*i = 4*f + 2*i - 257, -5*f = i - 310. Calculate the remainder when f is divided by 21.
0
Suppose 221*h - 219*h = -3*c + 2806, 15 = 3*h. Calculate the remainder when 2823 is divided by c.
27
Suppose 4*b - 2*o - 214 = 0, -b = b - 3*o - 109. Let i be (3285/20)/(-3) + (-12)/(-16). Let v = i - -156. What is the remainder when v is divided by b?
49
Let d = -49 - -54. Suppose 0*j - j + 35 = 0. Calculate the remainder when j is divided by d.
0
Let k = 4588 + -4550. Calculate the remainder when 188 is divided by k.
36
What is the remainder when 1110 + -10 + (-82)/(-8) + 1/(-4) is divided by 86?
78
Let o(j) = 4*j**2 + 10*j + 0*j + 9*j**2 - 6 + 37*j. Calculate the remainder when o(-5) is divided by 22.
18
Let m = -121